 derivative of s**5/20 - 2*s**4/3 + 5*s**3/3 - s. What is the tens digit of o(l)?
2
Let q = -14 + 10. Let n(w) = 2*w + 13. What is the units digit of n(q)?
5
Let l = 66 + 145. What is the hundreds digit of l?
2
Let s(c) = 16*c**2 + 2*c - 4. Let f be s(3). Let p = f + 100. What is the tens digit of p?
4
Let a be (21/(-14))/((-3)/4). Suppose -4*l + 198 = -5*z, -a*l + 3*z = -0*l - 100. What is the units digit of l?
7
Suppose 12 = -0*s + 4*s. Suppose s*g - 6 = 9. Suppose 6*k - 37 = g*k. What is the units digit of k?
7
Let j = -37 + 58. Suppose -j = i - 4*i. What is the units digit of i?
7
Let y(a) = a**3 - a**2 + 4. Let x be y(0). Suppose 0 = z - 3*z + x. Suppose -7*h + z = -6*h. What is the units digit of h?
2
What is the units digit of (-993)/((-1)/(-3)*18/(-8))?
4
Suppose -21 = -2*d - 5*c, 0 = c - 2*c + 3. Let j(x) = -d*x**3 - 5*x**2 - 2*x**3 + x + 6*x**3 + 0*x**3. What is the units digit of j(5)?
5
Let h be 8*(-3)/(-8 + -4). Suppose 0*f = 3*f - h*s, 2*s = 0. Let r(o) = -o + 3. What is the units digit of r(f)?
3
Let t(l) = l**3 + 22*l**2 + 10*l + 9. What is the hundreds digit of t(-6)?
5
Let f be (4/(-12))/((-1)/3) - 1. Suppose 2*t - 7*t = j - 225, f = -4*j. What is the units digit of t?
5
Let r be 2 + (4 - 7) + 3. Suppose -5*o - 127 = r*s - s, -o - s - 23 = 0. Let m = o - -70. What is the tens digit of m?
4
Let g(o) = 351*o**2 + 8*o - 9. What is the hundreds digit of g(2)?
4
Let i(r) = -r - 11. Let c be i(-14). Suppose -4*v = 20, 0 = -c*b - 2*b - 2*v. Suppose 4*x = -2*s + 94, -5*x + 3*x + b*s = -50. What is the tens digit of x?
2
Suppose 3*f + 10 = 19. Suppose -f*y + 98 = -70. Suppose -k - l = -26, 5*k = 3*k - 4*l + y. What is the tens digit of k?
2
What is the hundreds digit of (3 + 0 + -2)/(22/15532)?
7
Let d(n) = -n**2 - 4*n - 1. Let x be d(-2). Let t(l) = 0*l - 19 + x*l + 2 + 3*l. What is the tens digit of t(10)?
4
Suppose 25 = 5*s, x + 2*s - 29 - 11 = 0. Let u = -29 + x. What is the units digit of u?
1
Let u(q) = q + 6. Let c be u(-6). Suppose 5*p - 37 + 12 = c, 4*h - 15 = p. Suppose -21 = -h*s + 99. What is the units digit of s?
4
What is the tens digit of 2*(1 + 8508/8)?
2
Let l(u) = 52*u - 10. Let f(k) = -k**3 + 3*k**2 + k - 1. Let c be f(3). What is the tens digit of l(c)?
9
What is the units digit of -1002*(275/22)/(-5)?
5
Let y(q) = -q**3 + 8*q**2 - 15*q + 3. Let l be y(5). Suppose -l*u - 2*o = -552, -u + 5*o + 225 = 41. What is the hundreds digit of u?
1
Let q = 124 - 100. Suppose -q*u + 208 = -22*u. What is the units digit of u?
4
Suppose 1316 = -8*k + 15*k. What is the units digit of k?
8
What is the units digit of (-7)/21 - (-10856)/6?
9
Let s(x) be the first derivative of x**3/3 + 3*x**2 + 6*x - 1. Let y be s(-5). Suppose y = 4*g - 3. What is the units digit of g?
1
Let p = 73 - 73. Let b(w) = w**3 + 2*w**2 + 3*w + 263. What is the units digit of b(p)?
3
What is the units digit of (-1119)/(-15) + (-24)/(-60)?
5
Let o = 1094 + -780. What is the tens digit of o?
1
What is the hundreds digit of 6/(-2) - 12580/(-17)?
7
Let s(b) = 7*b**2 - 2*b - 10. Let p = 21 - 20. Let f(j) = j**2. Let d(n) = p*s(n) - 6*f(n). What is the tens digit of d(-5)?
2
Let s be 15/(-10)*(-8)/3. Suppose 2*d = -s*o + d + 7, 0 = o + 5*d - 16. What is the tens digit of (42/1 + -1)/o?
4
Let x = -522 + 1847. What is the tens digit of x?
2
What is the units digit of ((-1)/((-16)/(-1404)))/((-2)/8)?
1
Suppose -4*j = -28 - 48. What is the units digit of j*2 + (2 - 21/7)?
7
What is the units digit of (-2)/14 + 6 + (-862)/(-7)?
9
Suppose 2*s - 4*s - 6 = 2*h, 36 = -2*s + 4*h. Let z(j) = -j**3 + 5*j - 4. Let o be z(3). What is the units digit of o/(-3)*(-30)/s?
0
Let k = -3305 + 4731. What is the units digit of k?
6
Suppose -u + 3*d + 36 = 0, 2*u + 14*d - 17*d = 81. What is the tens digit of u?
4
Let l(i) = -i + 8. Let u be l(-4). Suppose -3*z = -t + 23, t - 18 - u = -4*z. What is the units digit of t?
6
Suppose t = -a + 3*a + 37, t - 5*a - 43 = 0. What is the units digit of t?
3
Let a = 2 - -2. Suppose -2*l = 4*u - 14, u = 5*l + a*u - 14. What is the units digit of ((-58)/4)/(l/(-2))?
9
Let q(o) be the third derivative of -o**4/8 + o**3 + 2*o**2. Let g be q(-5). Let x = g + 0. What is the tens digit of x?
2
Let l = 1 - 34. Let k be (-3 + (-6)/(-3))*l. Suppose 2*z - k = 19. What is the units digit of z?
6
Suppose c + 2*s - 2335 = 0, -2*s = -c - c + 4658. What is the thousands digit of c?
2
Let y(k) = -k**3 - 9*k**2 + k + 7. Let j = -13 - -4. Let a be y(j). What is the units digit of (a/(-4))/(3/30)?
5
Let c(b) = -b - 1. Let i be c(-3). Let q be ((-8)/(-6))/(i/3). Suppose -68 = -4*v - q*p, -13 = 5*p + 7. What is the tens digit of v?
1
What is the thousands digit of ((-5)/(-20)*-10652)/(-1)?
2
Let r(d) = d**3 + 12*d**2 - 14*d + 11. Suppose -1 = g, -v + 3*v = -2*g + 8. Let y(k) = k**2 - k - 1. Let t(p) = v*y(p) - r(p). What is the units digit of t(-9)?
5
Suppose 0 = r - 4 - 109. What is the tens digit of r?
1
Suppose -3*b - 3*t + 4578 = 0, -3*b - 11*t = -15*t - 4571. What is the hundreds digit of b?
5
Let o = 19 + -13. Suppose 3*f + o = -k, -6 = k + 4*f + 2. Suppose -4*z - p = -37, k = 2*z - 4*p - p + 9. What is the units digit of z?
8
Let s(f) = 28*f**2 + 9*f - 14. What is the hundreds digit of s(-5)?
6
Suppose 24550 = 47*g - 2099. What is the units digit of g?
7
Let w be (1134/10)/3 - 1/(-5). Let n = 80 + w. What is the units digit of n?
8
Let y(k) = 31*k**3 + 9*k**2 - 5*k + 5. What is the tens digit of y(4)?
1
Suppose -36 = -8*i + 12*i. Let t(d) = d**3 + 9*d**2 - 4*d + 1. What is the tens digit of t(i)?
3
Let r(z) = 10*z + 2. Let v = -14 - -16. What is the tens digit of r(v)?
2
Suppose -13*v = -18*v - 35. What is the units digit of (-2)/v - 293*(-10)/35?
4
Let q = 23 - -2. What is the units digit of q?
5
Let u be (-4)/(-6)*7/((-28)/(-36)). Suppose -u*r + 219 + 93 = 0. What is the units digit of r?
2
Suppose 26360 = 55*r - 32875. What is the hundreds digit of r?
0
Let n(g) be the third derivative of g**7/2520 + g**6/720 + g**5/60 + 3*g**2. Let w(a) be the third derivative of n(a). What is the units digit of w(1)?
3
What is the hundreds digit of ((-24)/(-32))/(3/8) - -2167?
1
Let q be -1*(1 - -3 - 15). Let z = 10 + -14. Let t = q + z. What is the units digit of t?
7
What is the units digit of 15/20*20 + -3?
2
Suppose 4*y - 5*c = 1376, -3*y - c + 429 = -622. What is the hundreds digit of y?
3
Let v = 37 - 99. Let z = -53 - v. What is the units digit of z?
9
Suppose 94 - 444 = -7*s. What is the tens digit of s?
5
Let z(s) = s + 1. Let n be z(5). Suppose n*j - 3*j = 6. Suppose j*m = m + 3. What is the units digit of m?
3
Suppose -13 + 1 = -4*m. Suppose -30 = -2*j + s, -m*j + 5*s + 40 = s. Suppose t - 3 - j = 0. What is the tens digit of t?
1
Let v(y) = -y + 2. Let f be v(4). What is the tens digit of 22*(f + 5 + -1)?
4
Let a = -16 - -15. Let s(f) = f**2 + f. Let r be s(a). Let h(j) = -2*j + 11. What is the tens digit of h(r)?
1
Suppose -9*w + 6 = -6*w. Suppose -3*g + h = -4*h - 6, -g + w = -h. Suppose -f + 82 = 5*k + g*f, -3*k - f + 50 = 0. What is the tens digit of k?
1
Suppose -4 = -u - 0. Suppose 0*n = u*n. What is the tens digit of 30*(n + -1)/(-3)?
1
Let s(b) = b**3 + b. Let d(x) = -6*x**3 - 3*x**2 - 6*x + 2. Let w(g) = d(g) + 5*s(g). Let o = -97 - -93. What is the tens digit of w(o)?
2
Suppose 5724 = -0*c + 4*c + 4*j, -j + 7143 = 5*c. What is the units digit of c?
8
Suppose -4*v + 4*h + 8 = 0, -2*h + h = v - 4. Let p be (0 - 0/(-2))/v. Suppose -3*b = -2*y + 18, 0*y - y - 2*b + 2 = p. What is the units digit of y?
6
Let t(a) = -a**3 - 6*a**2 - a + 4. Let y = -13 + 7. Let u be t(y). What is the units digit of u*(-3 - 1*-4)?
0
Let y = -115 + 220. Suppose -5*i + y = -2*i. What is the units digit of i?
5
Let q(o) be the third derivative of -o**6/24 - o**4/24 - o**3/6 - o**2. Suppose 5 = -9*z + 4*z. What is the units digit of q(z)?
5
Let n be (1606/(-33))/(4/6). Let g = n + 135. Let b = g + -32. What is the units digit of b?
0
Let v(y) = -18*y**3 + 2*y**2 - 9*y + 5. What is the hundreds digit of v(-4)?
2
Suppose 3*u = -7 + 7. Suppose -v + 101 = 2*v + 2*r, u = 2*v - 3*r - 76. What is the units digit of v?
5
Suppose 0 = -3*k + 7*k - 2*x - 7440, 2*k - 3*x - 3712 = 0. What is the hundreds digit of k?
8
Let b(o) = -o**2 - 19*o + 23. Let u(s) = -s. Let p(k) = b(k) + 2*u(k). W